the prime factors of 8934161?
19, 470219
List the prime factors of 52420.
2, 5, 2621
What are the prime factors of 2578248?
2, 3, 35809
List the prime factors of 1548024.
2, 3, 53, 1217
What are the prime factors of 1344772?
2, 11, 13, 2351
What are the prime factors of 7905429?
3, 7, 29, 4327
List the prime factors of 228726.
2, 3, 97, 131
List the prime factors of 11139982.
2, 7, 795713
What are the prime factors of 12756036?
2, 3, 43, 59, 419
What are the prime factors of 625146?
2, 3, 31, 3361
What are the prime factors of 185382?
2, 3, 3433
What are the prime factors of 6932311?
17, 407783
List the prime factors of 141965.
5, 28393
List the prime factors of 3637869.
3, 373, 3251
What are the prime factors of 237597?
3, 29, 2731
What are the prime factors of 1347202?
2, 23, 29287
List the prime factors of 673119.
3, 29, 2579
What are the prime factors of 31963049?
31963049
List the prime factors of 566214.
2, 3, 11, 23, 373
List the prime factors of 755492.
2, 67, 2819
What are the prime factors of 653381?
271, 2411
What are the prime factors of 1483467?
3, 577, 857
List the prime factors of 2760477.
3, 17, 113, 479
What are the prime factors of 6743299?
709, 9511
List the prime factors of 1262481.
3, 11, 67, 571
What are the prime factors of 101771?
101771
What are the prime factors of 1301049?
3, 48187
What are the prime factors of 2004664?
2, 250583
List the prime factors of 434291.
11, 13, 3037
List the prime factors of 2502416.
2, 7, 22343
What are the prime factors of 1324953?
3, 7, 21031
List the prime factors of 6048826.
2, 7, 432059
List the prime factors of 1550965.
5, 13, 107, 223
What are the prime factors of 198901?
198901
What are the prime factors of 3858744?
2, 3, 160781
List the prime factors of 1184234.
2, 89, 6653
List the prime factors of 103902.
2, 3, 17317
What are the prime factors of 491340?
2, 3, 5, 19, 431
List the prime factors of 670700.
2, 5, 19, 353
What are the prime factors of 1751692?
2, 437923
What are the prime factors of 1175994?
2, 3, 79, 827
List the prime factors of 5021182.
2, 2510591
List the prime factors of 299584.
2, 31, 151
List the prime factors of 3632001.
3, 61, 89, 223
What are the prime factors of 4533328?
2, 421, 673
What are the prime factors of 41166?
2, 3, 2287
What are the prime factors of 15719779?
15719779
List the prime factors of 61124.
2, 7, 37, 59
What are the prime factors of 2180241?
3, 7, 34607
What are the prime factors of 2768?
2, 173
What are the prime factors of 1153046?
2, 576523
List the prime factors of 794688.
2, 3, 4139
What are the prime factors of 560294?
2, 7, 31, 1291
What are the prime factors of 2366153?
773, 3061
What are the prime factors of 111562?
2, 11, 461
List the prime factors of 35787643.
109, 328327
What are the prime factors of 377584?
2, 23599
List the prime factors of 438424.
2, 7, 7829
List the prime factors of 382847.
382847
List the prime factors of 1005763.
11, 91433
List the prime factors of 32483245.
5, 23, 12281
What are the prime factors of 67481?
67481
List the prime factors of 1020395.
5, 19, 23, 467
What are the prime factors of 1001642?
2, 19, 43, 613
List the prime factors of 586245.
3, 5, 11, 17, 19
What are the prime factors of 23409904?
2, 7, 197, 1061
What are the prime factors of 351887?
351887
What are the prime factors of 19178412?
2, 3, 11, 23, 6317
What are the prime factors of 2229630?
2, 3, 5, 13, 5717
What are the prime factors of 1832106?
2, 3, 305351
What are the prime factors of 197834?
2, 7, 13, 1087
What are the prime factors of 319888?
2, 19993
What are the prime factors of 830889?
3, 19, 43, 113
List the prime factors of 418121.
11, 38011
What are the prime factors of 720943?
720943
What are the prime factors of 393281?
7, 19, 2957
What are the prime factors of 271130?
2, 5, 19, 1427
List the prime factors of 262331.
262331
What are the prime factors of 6060845?
5, 7, 23, 7529
List the prime factors of 1216424.
2, 11, 23, 601
List the prime factors of 4410938.
2, 7, 315067
List the prime factors of 580302.
2, 3, 103, 313
List the prime factors of 2223315.
3, 5, 43, 383
List the prime factors of 1703780.
2, 5, 13, 6553
List the prime factors of 516107.
47, 79, 139
List the prime factors of 6668599.
7, 952657
List the prime factors of 65303.
7, 19, 491
What are the prime factors of 246910?
2, 5, 24691
What are the prime factors of 1250746?
2, 7, 41, 2179
What are the prime factors of 5438867?
7, 761, 1021
What are the prime factors of 2365343?
23, 102841
What are the prime factors of 120648?
2, 3, 11, 457
What are the prime factors of 15374?
2, 7687
What are the prime factors of 1032711?
3, 344237
List the prime factors of 14618341.
199, 73459
What are the prime factors of 321586?
2, 23, 6991
What are the prime factors of 116525?
5, 59, 79
List the prime factors of 762324.
2, 3, 63527
List the prime factors of 2772726.
2, 3, 11, 43, 977
List the prime factors of 2500934.
2, 349, 3583
What are the prime factors of 82557?
3, 9173
List the prime factors of 188598.
2, 3, 17, 43
What are the prime factors of 456406?
2, 228203
What are the prime factors of 26549950?
2, 5, 7, 31, 2447
List the prime factors of 15837562.
2, 13, 41, 83, 179
What are the prime factors of 1522601?
1522601
What are the prime factors of 439890?
2, 3, 5, 11, 31, 43
What are the prime factors of 344643?
3, 13, 8837
What are the prime factors of 1172422?
2, 17, 34483
What are the prime factors of 6882289?
6882289
What are the prime factors of 428240?
2, 5, 53, 101
What are the prime factors of 15533061?
3, 5177687
List the prime factors of 1019405.
5, 17, 67, 179
List the prime factors of 29623252.
2, 7405813
What are the prime factors of 82507?
82507
What are the prime factors of 2781787?
233, 11939
List the prime factors of 172946.
2, 43, 2011
What are the prime factors of 156615?
3, 5, 53, 197
List the prime factors of 27624636.
2, 3, 13, 67, 881
List the prime factors of 10353953.
10353953
What are the prime factors of 398431?
11, 29, 1249
What are the prime factors of 5934400?
2, 5, 3709
List the prime factors of 787419.
3, 87491
What are the prime factors of 487293?
3, 19, 83, 103
List the prime factors of 1809088.
2, 23, 1229
What are the prime factors of 104827?
104827
What are the prime factors of 12233748?
2, 3, 1019479
List the prime factors of 429145.
5, 85829
List the prime factors of 473685.
3, 5, 23, 1373
What are the prime factors of 8658847?
8658847
What are the prime factors of 554683?
29, 31, 617
List the prime factors of 536278.
2, 37, 7247
What are the prime factors of 477190?
2, 5, 7, 17, 401
List the prime factors of 21338767.
19, 1123093
What are the prime factors of 959450?
2, 5, 31, 619
List the prime factors of 2608602.
2, 3, 409, 1063
List the prime factors of 1903668.
2, 3, 13, 12203
List the prime factors of 188287.
11, 17117
What are the prime factors of 2781473?
769, 3617
List the prime factors of 413651.
7, 59093
List the prime factors of 150558.
2, 3, 23, 1091
List the prime factors of 2657976.
2, 3, 110749
List the prime factors of 15482561.
67, 3449
List the prime factors of 1613581.
31, 52051
List the prime factors of 3176238.
2, 3, 13, 43, 947
List the prime factors of 1714696.
2, 23, 9319
List the prime factors of 184813.
19, 71, 137
What are the prime factors of 4154493?
3, 7, 181, 1093
What are the prime factors of 5305684?
2, 43, 109, 283
What are the prime factors of 707754?
2, 3, 117959
List the prime factors of 1274642.
2, 637321
What are the prime factors of 6166044?
2, 3, 19031
What are the prime factors of 337581?
3, 12503
List the prime factors of 20698708.
2, 5174677
What are the prime factors of 26574?
2, 3, 43, 103
List the prime factors of 119887.
101, 1187
List the prime factors of 6534997.
7, 479, 1949
What are the prime factors of 1883283?
3, 127, 4943
List the prime factors of 322035.
3, 5, 7, 3067
List the prime factors of 3628320.
2, 3, 5, 7559
What are the prime factors of 92862?
2, 3, 7, 11, 67
What are the prime factors of 7581349?
7581349
List the prime factors of 1257505.
5, 251501
What are the prime factors of 250948?
2, 43, 1459
List the prime factors of 53987.
53987
List the prime factors of 6788512.
2, 212141
What are the prime factors of 22906356?
2, 3, 11, 97, 1789
What are the 